-40
Calculate 25 + (1 - (-12 - -18) - 70).
-50
What is the value of (66 - 94) + (0 - -3 - -1) + 11?
-13
Evaluate 24 - (58 + -110 + 137).
-61
What is -41 - (-34 - (-76 + 51))?
-32
(-3 - (-2 - -3)) + 4 + -8 + 10
2
Evaluate 3 + 48 + -41 - -33.
43
What is the value of (2 - 48) + (636 - 534)?
56
-8 - 2 - (5 - (14 - 1)) - -54
52
Evaluate -234 + 77 + 78 + 87.
8
What is 30 + 12 + -35 + -1 + -3 + (-62 - -2)?
-57
Calculate -333 + 351 - (0 - (-2 - 22)).
-6
-15 + (-40 - (-66 + 36)) + (27 - 2) - -136
136
-2 + 75 + (40 - 52) - -10
71
What is the value of (22 + -14 + 0 - (-17 + 11)) + (4 - 1)?
17
Evaluate -51 - ((24 + 6 - (0 + 3)) + -7 + -11).
-60
What is the value of (441 - 527) + (2 - 22)?
-106
Calculate (-170 - -93) + (141 - -49).
113
What is 49 + (-82 - -8 - 51)?
-76
Calculate -44 + (19 - 10) - (-7 + (-6 - -9) + 1).
-32
What is (0 - (-15 - 0) - (-30 + 46)) + -12?
-13
Evaluate 11 + (-15 - -2) - (-5 - (5 - 67)) - 0.
-59
What is the value of (2 - 67) + -152 + 259?
42
What is (-475 - -479 - (11 + -2)) + 6?
1
Evaluate -1 - 14 - (-23 - (-17 - -11) - -38).
-36
Evaluate -90 - 1 - (-2670 + 2618).
-39
4 - (184 + -197 - (10 + -6))
21
What is the value of -40 + 41 - -59 - 98?
-38
What is -63 + 4 - -4 - (-8 + 1 + 8)?
-56
Calculate -60 + (-27 - -2) + 22 + 8.
-55
Evaluate (-7 - 0) + (21 - 3 - -32 - -24) - 0.
67
Calculate -2 - 91 - (12 - (39 + -30 + 21)).
-75
Evaluate 16 - (7 - 2 - (246 - 249)).
8
Evaluate -8 + -45 + 137 + -99.
-15
2 + 6 - (4 - (-33 + -19 + 35))
-13
What is 1 - (-13 - -4 - (-57 + 60) - (1 + -92))?
-78
-238 + (-4 - (-248 - -89))
-83
Evaluate 126 + 36 + -44 + (-7 - 0 - -5).
116
What is 0 + -13 + 23 + 56 + 3 + 0 + 2?
71
Calculate (-30 - -32 - (-1 - -3) - 6) + -34.
-40
(-15 - (13 - (3 + 0))) + (-5 - -3)
-27
Evaluate 75 - (4 - -66) - 38.
-33
What is 73 - -4 - ((-3 - (15 - 24)) + -13 + 7)?
77
Evaluate 1 + 81 + 4976 + -4974.
84
What is 11 - -8 - (5 - -10) - (-2 + 0 - -39)?
-33
What is (43 - 75 - (-2 - 20)) + -70?
-80
53 + (-14 + 1 - (-29 - (-24 - 11)))
34
What is the value of (825 - 841 - (1 - 6)) + 5 - (31 + 1)?
-38
Calculate (35 - (167 - 24)) + 50.
-58
Calculate -177 + 126 - (-60 - -2).
7
What is the value of 3 - (15 + -81 - -29)?
40
49 + (-36 - -27) + -85
-45
What is -12 + -10 + (-1 - 1 - (36 - 45)) + -12?
-27
((-54 - 5) + 4 - 15) + 5 + 2
-63
Calculate 10 - (3 + (-4 - -8)) - -9.
12
What is (140 + 2 - (1 + -4)) + (-46 - (9 - 43))?
133
Calculate -7 + (-17 + 44 - 52 - (-20 + 1)).
-13
Calculate -44 - (-35 - -19) - -18 - (0 + -19).
9
Calculate 192 + -28 + (-17 - 69).
78
Calculate (61 - 6 - 10) + (-17 - -35 - (10 + -2)).
55
What is the value of 1 + 0 + -13 + 2 + 32 + 3536 + -3502?
56
Evaluate 10 + 7 - 32 - (2 - 1).
-16
Calculate -19 + (-10 - (37 - 89)).
23
Evaluate -94 + 16 + (21 - 42) + 16 + 2.
-81
Calculate -76 - ((2 - (-8 + 29)) + -6).
-51
What is the value of (-25 - (-44 - -8)) + 17?
28
What is the value of -5 + 0 + 27 - (82 + -91)?
31
Calculate 149 - 120 - ((-8 - -2) + (-49 - -59)).
25
Calculate (-15 - 4) + -11 + (-12 - -22).
-20
What is the value of -24 + 33 + 24 - 12 - (100 + -9)?
-70
-3 - -19 - ((27 - 51) + 44)
-4
What is the value of -9 - 18 - -2 - (4 - -8)?
-37
-35 + (56 - 38) + 34
17
What is the value of -38 + -69 + 98 - (-4 - 1) - (0 - -3)?
-7
Calculate -100 - 84 - -70 - -158.
44
What is the value of 11 - (-21 + 6 - -17 - (-1 - 47))?
-39
(22 - (42 + -1)) + (-2 - -33) + 3
15
What is the value of -11 + (-1 - (-7 + 0) - -9) + -1 - 39?
-36
Evaluate 35 + 53 + (-52 - 13) + (13 - -1).
37
What is the value of -187 - (-5 - 190) - (0 + -3 + 10)?
1
What is -7 + -8 + (6 - 1) + -11 + -25?
-46
Calculate 48 - (-4 + -3 - ((-15 - -11) + (2 - 9))).
44
Evaluate -30 + 28 + 59 + -66 + 1 + 45.
37
(9 - (4 - 2)) + 1 - (-401 - -457) - -2
-46
Evaluate (47 - (11 - 9 - (6 + -2))) + (21 - 17).
53
What is 6 + 5 + -1 + -4 - 13 - 32?
-39
Calculate 22 - 57 - (80 + -185).
70
What is -13 + -12 + (-2 + 15 - 16) + -3?
-31
(3 - 1) + 19 + 11 + 24 + -27
29
What is the value of 48 + (0 - (1 + 1)) - (-76 - -45 - -27)?
50
What is the value of 52 - (19 + -19 + 5 - (-3 - -13))?
57
What is (10 - 0) + (-102 - -121 - 23)?
6
Evaluate 376369 - 376397 - ((1 + 0 - (0 - 13)) + 1).
-43
What is -16 - (-6 + (2 - -1)) - -8 - -32?
27
-8 - (3 + -81 - -21 - (-4 - -10))
55
Calculate (-3 - ((-9 - -12 - 8) + 0)) + (-68 - -2).
-64
What is the value of 69 + -43 + 34 + -73?
-13
What is -50 + 79 - 63 - (43 + -2)?
-75
What is (86 - -1) + 14 + 6 + -63 + 30 + 7?
81
Calculate 15056 + -15063 + (-1 - -1) + 17.
10
What is 81 - (4 + 66) - (18 - 0)?
-7
What is the value of 32 - (-2 + -4 - (88 + (-159 - -59)))?
26
Calculate 201 - (224 - 31) - (1 + 59).
-52
What is the value of -50 - 12 - (-70 + (59 - -25))?
-76
What is the value of 1 - -11 - (14 - (10 - (5 + 7)) - -77)?
-81
What is the value of -18 - (-105 + 81) - (-69 - 1) - 13?
63
Calculate -10 + 19 + -9 - (-1 - (-4 - 0 - 33)).
-36
Evaluate (-2 - -35) + 4 + -34 + (7 - -21 - -15).
46
Evaluate 1 + 2 + -1 + 4 + -3 - (1609 - 1652).
46
What is -6 + -26 + 91 + -22?
37
What is the value of 202 + -87 + 27 + -70?
72
Evaluate (-86 + 57 - 22) + 95.
44
What is 46 - (84 - (65 + -21))?
6
Evaluate (-11 - -7) + (-69 - (17 - (6 + 15))).
-69
What is (-118 - -73) + ((-1 - 0) + -3 - (-158 - -150))?
-41
What is the value of 12 + -2 + -2 - (-141 - (-194 - -32))?
-13
What is the value of 14 + (13 - -26 - 39)?
14
What is -53 - (11 - (43 + 51))?
30
(8 + -20 - -4) + 1 + -1 + 7
-1
Evaluate 102 + -3 + 3531 + -3679.
-49
-44 - -1 - (-8 - 15) - 11
-31
Calculate 108 - (98 + -25) - 89.
-54
What is (37 - (1 + -7)) + (-5 + 12 - 12)?
38
Calculate -363 + 354 - ((4 - 2) + (5 - (-5 + -43))).
-64
What is the value of -7 - (77 + -64 - (37 + (2 - 5)))?
14
-36 + 6 + 4 + (-42 - -30)
-38
What is the value of -7 + (38 - -25) - 9 - ((2 - 4) + 6)?
43
What is (4 - 2) + (12 - (-28 + -7 - (5 + -11)))?
43
Calculate 23 + (-55 - (-8 + (12 - 13))).
-23
Evaluate (83 - 7 - 4) + 12 + (10 - 17).
77
-18 - -43 - 25 - 20 - 57
-77
What is -1847 - -1881 - (5 - 0 - (-3 + 3))?
29
-11 + 39 - (-9 - (-50 + 25))
12
What is the value of 2559 + -2557 + (1 - 46)?
-43
-416 + 336 + (7 - 4 - 8)
-85
What is the value of -7 + 6 + -4 - (-6 - (-56 - -12))?
-43
What is (1 - ((3 - 3) + -33)) + (14 - 15 - 6)?
27
1 + 18 - (37 - 17 - -71)
-72
Evaluate 20 + 0 - (-90 - (-169 - -98)).
39
What is the value of ((17 - (-28 - -59)) + -24 - -34) + (1 - -126)?
123
Evaluate (17 - -3) + (-11 - -8 - 7).
10
Evaluate -54 + (139 - 114) - 32.
-61
Evaluate -3 + -19 + (-19 - -43) + 50.
52
(36 + -47 - -24) + 3 + -20 + -5
-9
118 - 87 - (-11 + 7)
35
Calculate 1 - -4 - 17 - (-23 + 4 + -23).
30
Evaluate (8 - 22) + (4 + 0 - -64).
54
(131 + -115 - (-3 + 1 + -2)) + 9
29
Calculate -71 - (-18 + 2 - 47).
-8
1 - ((4 - 3) + ((-6 - 64) + 7 - 9))
72
What is (40 + -45 - (-25 + 7)) + -20?
-7
What is 71 + (-56 - (101 - -5))?
-91
What is -13 + 24 - (-27 + 55 + 46)?
-63
(-5 - -15) + 43 + -103 + 8
-42
What is the value of 7 + -25 + 3 + 10 + -1 + -28 - -2?
-32
Evaluate 9 + -17 - (-22 + -23).
37
What is the value of (38 - 6 - 22) + (-12 - -2) + -3?
-3
What is 4 + 5 - 4 - (-16 + (-27 - -32))?
16
Evaluate (-14 - (5 + (-1 - 3))) + -23 - 17.
-55
38 - 48 - -43 - (-11 + 4)
40
Calculate -30 - -37 - (96 + -102 - (-39 - 0)).
-26
-222 - (-74 + -5) - -102
-41
Evaluate -45 + -7 + (16 + -13 - -9 - 24) + 5.
-59
Calculate 237 + -134 + (12 - -27).
142
19 + (-18 - 7) - 29
-35
What is 38 - (-22 + -21 - (-44 - -14))?
51
Calculate -76 - (-41 - 53) - 35.
-17
Calculate (13 - (88 + -174)) + -40.
59
What is the value of -43 + 68 + (-7 + 7 + -1 - 1)?
23
Calculate (-5 + -7 + 24 + -9 - -7) + (-9 - -1).
2
What is the value of -52 + -58 - -54 - 31?
-87
Evaluate -70 - (-88 - (-43 + 48)).
23
-291 + 313 - (-4 + (-6 + 1 - 1))
32
What is 1 + (9 + (-20 + 17 - 0) - 1)?
6
(-144 - -110 - 5) + 125
86
Evaluate -54 - ((-73 - 10) + 68).
-39
What is (-19 - -28) + (-15 + 2 - 12) + 15?
-1
Evaluate -392 - -481 - (153 + 14).
-78
What is the value of -4 - (13 + -11 + -16) - -80 - (4 - 0)?
86
What is 1 + 6 + 684 + -709?
-18
Calculate (-12 - (-61 - -174)) + 212.
87
What is the value of 0 - -131 - (10282 + -10142)?
-9
Evaluate -12 + -1 + 1 + 1 - (-454 - -406).
37
What is the value of 0 + 6 + 309 + -147 + -214?
-46
(-17 - 90) + -155 + 196
-66
Evaluate (-167 - (119 + -200)) + (1 - -18).
-67
-31 + 15 + (-5 + -4 - -28)
3
Evaluate (4 - (46 + 6 + -3